l = -3*x. What is the units digit of x?
0
Let y be (3 - (-9)/(-5))/((-6)/(-15)). What is the tens digit of 62/y*36/24?
3
Suppose -4*i + 2*d + 798 = 0, 4*i - 3*i = 3*d + 192. What is the hundreds digit of i?
2
Let m = -63 + 127. Suppose -3*k + 2*z + m = 0, -5*z = 3*k - 13 - 16. What is the tens digit of k?
1
Let v be -3 - (-3 + 3 + 14). Let z(s) = s**3 - 2*s**2 - 5*s - 11. Let j be z(5). Let p = j + v. What is the tens digit of p?
2
Let f = -556 + 651. What is the units digit of f?
5
Let u = -8 - -5. Suppose 96 = -4*z - 2*d, 2*d = -2*z + 4*d - 48. What is the units digit of (28/u)/(16/z)?
4
Let q(r) = -r**2 - 6*r + 2. Let b be q(-5). Suppose 6*j - b*j + 48 = 0. What is the units digit of j?
8
Suppose 0 = 39*m - 41*m + 652. What is the units digit of m?
6
Suppose 1330 + 3438 = 8*m. What is the units digit of m?
6
Suppose v = -2*v + 4*k - 9, 5*k = 15. Let t(l) = 8*l - 9*l + 4 - v. What is the units digit of t(-8)?
1
Let z(u) = 12*u. Let t be z(2). Let x = t - 19. What is the units digit of x?
5
Suppose -30 + 12 = -6*d. Suppose 5*l - 80 = k + 70, -d*k - 15 = 0. What is the tens digit of l?
2
Let z(p) = -33*p + 11. Let q be z(-7). Suppose -3*o - 65 = -q. What is the tens digit of o?
5
Let p(y) = 4*y**3 + 5*y**2 + 3*y. Let g = 21 + -24. Let j be p(g). What is the units digit of (2/3)/((-4)/j)?
2
Suppose -5*b + 5*t + 3456 + 3109 = 0, 4*b + 2*t - 5228 = 0. What is the tens digit of b?
0
Suppose 31 - 3 = 7*y. Suppose -565 = -y*n - r, r - 25 = -4*r. What is the units digit of n?
0
Suppose 5*w - 4*w = q - 6, -2*w - 8 = 0. Suppose 0 = q*g - 5*k - 156, 3*g - 5*k + 78 - 312 = 0. What is the units digit of g?
8
Suppose 0 = -4*j - 3*y + 1073, j - 4*y - 265 = 27. Suppose 154 = 3*x - j. What is the tens digit of x?
4
Suppose 2*y = -7 - 5. Let r be y/(-4)*4/1. Suppose 189 = r*s - 9. What is the units digit of s?
3
Suppose -k + 4*k = 6. Let z be 3 - (3 - k - 3). Suppose z*o - 11 = 4. What is the units digit of o?
3
Let z = -142 + 142. Suppose z = 6*i + 2*i - 968. What is the tens digit of i?
2
Suppose -w + 280 = -5*w. Let q = w + 103. What is the tens digit of q?
3
Let o = 18 - 25. Suppose -15 = 2*a + 3*k, -8 = 2*a - 3*k + 1. What is the units digit of ((-54)/o)/(a/(-28))?
6
Let z be (-5)/(-2)*8/10. Let l be ((-6)/(-4))/(1/z). Suppose -l*v = 2*t - 49, t - 2*t - 69 = -4*v. What is the units digit of v?
7
Let d(h) = -2*h**2 - 8*h + 7. Let r be d(-5). Let g be 1*-1 - (-45)/r. Let z = 20 - g. What is the tens digit of z?
3
Suppose 19*g - 16*g = -6. What is the tens digit of 42/(g/(32/(-12)))?
5
Let m(u) = 8*u**2 - 35*u + 249. What is the units digit of m(6)?
7
Suppose -10*p - 64 = -12*p. Suppose -5*g = -3*g + 4*x - p, 0 = 2*g - 4*x - 72. What is the tens digit of g?
2
Let l = -22 - -20. What is the units digit of 1144/39*(-3)/l?
4
Let c(j) = 2*j**3 - 6*j**2 - 16*j - 8. Let k be c(7). Let i = 38 + k. What is the tens digit of i?
1
Let t(v) = 6*v + 10. Let k be t(-9). Suppose -5*c + 115 + 275 = 0. Let b = k + c. What is the tens digit of b?
3
What is the hundreds digit of 7458/11 - (-4 - -12)?
6
Let u = 1166 - -388. What is the units digit of u?
4
Let f(m) = 3*m**3 - 10*m**2 - 27*m + 31. What is the units digit of f(9)?
5
Let n(a) = -5*a**3 + 2*a + 15*a**2 - a - 18*a**2 + a. What is the tens digit of n(-2)?
2
Let x(y) = y**3 + y**2 - 2*y + 5. Let p be x(0). Let u = -3 - -6. Suppose -u*g = 15, -p*o - 3*g = -4*g - 90. What is the tens digit of o?
1
Let l(c) = -c**3 - 12*c**2 + 14*c + 14. Let o be l(-13). Let n be ((-9)/(-2))/(o/30). Let g = n + -87. What is the units digit of g?
8
Let a = 17 + -10. Let d = 11 - a. What is the units digit of (-4)/(-6)*138/d?
3
Let o(p) = p**2 + 2*p - 5. Let n be o(-4). Let r be 14 + n + 0/(-4). Let t = 21 + r. What is the tens digit of t?
3
Suppose 6*i = 5*i + 55. Suppose -5*c + i = -0*c. What is the tens digit of c/(3 + 6/(-3))?
1
Suppose 71*q - 13752 = 63*q. What is the units digit of q?
9
Let a(b) = 79*b**3 - 18*b**2 - 2*b - 3. What is the hundreds digit of a(3)?
9
Let y = -1386 - -4121. What is the thousands digit of y?
2
Let n(r) = 43*r + 64. What is the tens digit of n(17)?
9
Let f(y) = -2*y**2 + 2*y**2 - 5*y**2 + 1 + 70*y**3 - 2*y + 7*y**2. Let w be f(1). Let d = -46 + w. What is the tens digit of d?
2
Let p be ((-40)/(-15))/4*-15. Let s be 378/30 + (-4)/p. Suppose s*g - 12*g - 48 = 0. What is the tens digit of g?
4
Suppose -2*p + 12 = -2*n - 6*p, -2*n + 3 = p. Suppose -10*d = -n*d - 12. Suppose 6*y - 23 = -t + 2*y, 5*t - 25 = -d*y. What is the units digit of t?
3
Let q(z) = 2*z**3 - 55*z**2 + 22*z + 24. What is the thousands digit of q(28)?
1
What is the tens digit of (-1*3)/((-48)/50480)?
5
Let j be -7*12/(-4) - 4. Let w = j - -260. What is the tens digit of w?
7
Let l = 1394 + -788. What is the units digit of l?
6
Let t(z) = z**3 - 5*z**2 + 5*z + 7. Let i be t(5). Let x = 41 - i. What is the units digit of x?
9
Suppose -37 = -5*f - 7. Suppose -f*u - 296 = -10*u. What is the tens digit of u?
7
Let i(n) = -n**3 - 9*n**2 + 10*n + 6. Let l be i(-10). Suppose -l*f - 19 = -439. What is the tens digit of f?
7
Let j(v) = -v**3 + v**2 + 6*v + 1. What is the units digit of j(-5)?
1
What is the hundreds digit of 2/4*-318*2/(-1)?
3
Let j(s) = 0*s**3 - 2*s**3 + s**3 + 8*s**2 - 3. Let b be 14*3*(-1)/(-18)*3. What is the tens digit of j(b)?
4
Suppose -16 = 7*v + 33. Let c(n) = -n**2 - 11*n - 8. Let g be c(v). Let o = g + 12. What is the tens digit of o?
3
Suppose -24*q + 44*q - 77040 = 0. What is the thousands digit of q?
3
Let p = -35 - -40. Suppose -p*s + k + 121 = 18, -85 = -5*s - 5*k. What is the units digit of s?
0
Let q(h) = h + 119. What is the hundreds digit of q(7)?
1
Let a = -55 + -3. Let t = a + 88. What is the units digit of t?
0
Suppose -2548 = -0*j - 14*j. What is the tens digit of j?
8
Let m(q) = 29*q**2 - 6*q + 22. What is the units digit of m(3)?
5
Suppose 8*t - 30 = 18. Suppose -t = -3*y, y - 230 = -3*b - 0*y. What is the units digit of b?
6
Let y(z) = z**3 - 3*z**2 + 6. Let s be y(2). Let w(n) = -8 - 8*n**s + 4*n**3 - 3*n**3 - 5*n + 0*n**3. What is the units digit of w(9)?
8
Let p = 2473 - -1467. What is the hundreds digit of p?
9
Suppose 36*h - 27*h - 19098 = 0. What is the hundreds digit of h?
1
Let g(v) = -v**2 + 6*v - 9. Suppose 0 = -4*c - 5 + 21. Let y be g(c). Let k = y + 60. What is the units digit of k?
9
Suppose 66*c - 5360 = 56*c. What is the hundreds digit of c?
5
Let d = 0 - -3. Suppose -5*f + 106 = d*p, -5*p + 152 = -4*f - 0*f. What is the tens digit of p?
3
Let m = 183 + -131. Let w = 65 + m. What is the units digit of w?
7
Let p(u) = -2*u + 5. Let v be p(3). Let r(g) = g**3 + 12*g**2 - 10*g - 4. Let o be r(-13). What is the tens digit of v*(o + (0 - -2))?
4
Let o be -5 + (5 - (-40)/5). Suppose -5*w = -o*s + 7*s + 80, 2*s = -3*w + 199. What is the units digit of s?
5
Let h(l) = -l**3 - 5*l**2 - 5*l + 1. Let a be h(-4). Suppose -d - z = 4*z + 11, a*d - 4*z = 32. Suppose o - 19 = d. What is the tens digit of o?
2
Let h = 875 + -411. What is the tens digit of h?
6
Let x = 23 - 55. Suppose s - 2*s - 72 = 0. Let y = x - s. What is the units digit of y?
0
Suppose -2*h - 3*s = -0*h + 312, 5*h + 4*s + 780 = 0. Let l = -85 - h. What is the tens digit of l?
7
Let u be 5/((-140)/567) - 1/(-4). Let s = u + 54. What is the tens digit of s?
3
Let c be -6*4/3 + -4. Let x = -7 - c. What is the units digit of x?
5
Let t = 65 + -63. What is the units digit of 342/(-2)*t/9*-6?
8
Let z be (-16)/20*(0 - (-30)/4). Let s be 0 - (-31 + 2)*1. What is the units digit of s/4 - z/(-24)?
7
Let z(b) = 5*b - 10. Let u be z(3). Suppose 4*l = u*k - 75 - 625, 5*k - 690 = 2*l. What is the units digit of k?
6
Let g be -2 + 4 + -3 + -1. Let o be g/(-3) - (-1415)/15. Suppose x - 95 = -4*x + 4*r, 2*r + o = 5*x. What is the units digit of x?
9
Suppose 3*j - p + 2*p - 888 = 0, j - 310 = -5*p. What is the units digit of j?
5
Suppose 2542 = z + 153. What is the hundreds digit of z?
3
Let v(q) = -4*q**2 - 7*q + 10. Let p be v(5). Let w = p - -229. What is the tens digit of w?
0
Let u = 8 - 1. Suppose u + 5 = 6*n. Let y = n - -35. What is the tens digit of y?
3
Suppose 0 = 58*y - 88*y + 14550. What is the hundreds digit of y?
4
Let z(h) = 102*h + 52. What is the tens digit of z(6)?
6
Let a = 618 + -439. Let y = a - 55. Suppose 3*b = t + y, 4*b + 31 -